3*k. Suppose -51*t - 20 = -r*t. Calculate the greatest common factor of 116 and t.
4
Suppose 332*g + 331*g = 676*g - 169. What is the highest common divisor of g and 18811?
13
Suppose a - 3 = 2*x + 439, -3*a - 2*x + 1278 = 0. What is the highest common factor of 688 and a?
86
Suppose 5*q + 2*g - 28 = -0, -2*q = -g - 4. Suppose c = y, -4*c + q*y - 6 = 6*y. Let b be -118*16/(-10) - c/5. What is the highest common divisor of b and 21?
21
Let w = -4 + 6. Let u(r) = 3*r + 12. Let o be u(-4). Suppose 0 = j - o - 1. Calculate the greatest common factor of w and j.
1
Let f = 3 + 10. Let w(q) = -q**3 - 16*q**2 - 19*q - 59. Let j be w(-15). What is the greatest common divisor of f and j?
1
Let a(g) be the second derivative of 1/20*g**5 + 1/2*g**4 + 0*g**3 + 0 - 21*g - 3*g**2. Let d be a(-3). Calculate the highest common factor of 28 and d.
7
Let f(a) = 13*a + 1577. Let k be f(-9). Calculate the greatest common factor of k and 20.
20
Suppose -2*y - 3*c = 3*y - 13, -4*y = 3*c - 8. Let o be ((-431)/(-862))/((-1782)/(-1780) + -1). Calculate the highest common divisor of o and y.
5
Let v(a) = -34*a - 403. Let o be v(-12). Let w = -32 - 10. Let k be 2/(-8) - w/8. What is the highest common divisor of k and o?
5
Suppose 77*w = 39*w - 427 + 10155. What is the highest common divisor of w and 2944?
128
Suppose 43*x + 199*x - 224724 - 645750 = 0. What is the highest common factor of x and 218?
109
Let l(c) = 19*c**3 + 8*c**2 + 8*c - 84. Let k be l(6). Calculate the greatest common divisor of k and 18.
18
Let w(m) = m - 4. Let x be w(7). Let i(c) = -c**2 + 25*c + 8 - x*c + 15. Let s be i(18). What is the greatest common divisor of 19 and s?
19
Suppose -5*l + 35 = -35. Suppose 0 = -6*w - 2 + l. Suppose -3*i + 20 = w*s, 3 = -5*i + 3*s + 68. Calculate the highest common factor of i and 110.
10
Let t = 3689 - 3374. What is the highest common divisor of t and 30?
15
Suppose -15*x - 70 = 80. Let n(o) = 3*o**3 + 32*o**2 + 15*o + 6. Let a be n(x). What is the highest common factor of a and 21?
7
Let f = 25405 - 24760. Let h = 9 + 6. What is the greatest common divisor of f and h?
15
Suppose 1 = -m + 9. Suppose -2*a - 27 = a. Let x(p) = -p**3 - 8*p**2 - p - 66. Let g be x(a). What is the greatest common factor of g and m?
8
Let x be 1/(-4) + (1507/137 - 185/(-4)). Let c(j) = 968*j**2 + 1. Let l be c(1). Calculate the highest common factor of x and l.
57
Suppose 0 = 101*p - 473832 + 22160. Calculate the highest common factor of 104 and p.
104
Let d be ((-175131)/66)/(3/(-8)). What is the greatest common divisor of 244 and d?
244
Let w(y) = y**2 - 5*y - 14. Let c be w(8). Suppose c*l = 4*l + 510. Let h = l - -278. What is the highest common divisor of h and 33?
33
Suppose 7680*p - 21108 = 7677*p. What is the highest common factor of p and 4?
4
Let o(b) = b**2 + 16*b + 1025. Let v be o(17). Calculate the highest common factor of v and 1647.
61
Let z = -630 + 852. What is the greatest common factor of 54 and z?
6
Let k(j) = -j - 6. Let i(q) = 6. Let r(m) = -3*i(m) - 2*k(m). Let b be r(11). Suppose b*o = 11*o + 1045. Calculate the greatest common factor of o and 19.
19
Let l(q) = q**2 - 31*q + 31. Let t be l(29). Let d be (72/(-9) - t) + 2. What is the greatest common factor of 1239 and d?
21
Let w = 419 - 335. Suppose -s + w = 13*s. What is the highest common factor of s and 58?
2
Suppose 86*o + 55 = 91*o - 5*z, -o - 1 = -5*z. Let h be (-32)/(-10) + (-4)/20. Let n be ((-1)/h)/(1/(-21)). What is the greatest common divisor of n and o?
7
Suppose -4954 = -91*o + 24*o + 2550. Calculate the greatest common divisor of 1232 and o.
112
Suppose -48*d - 10422 = -30*d. Let x = -494 - d. What is the highest common factor of x and 170?
85
Let d be ((-2862)/10)/(-3) - (-3)/5. Let a = 306 - d. Calculate the greatest common factor of a and 7.
7
Let b = -12655 - -14265. What is the greatest common factor of b and 3059?
161
Suppose 3*l - 4*x - 7 = 0, -4*l = -l + 2*x - 1. Suppose 3431 + 8008 = 248*o + 31*o. Calculate the greatest common divisor of o and l.
1
Let m = 63 - 0. Suppose -b - 5*k + 19 = -0, -k - 118 = -4*b. Let v = m - b. Calculate the highest common factor of 34 and v.
34
Let d be -3 + 168/12 + 686/14. Let v be (1 + 17)/(4/(-8)). Let p = -21 - v. What is the highest common factor of d and p?
15
Let j(u) = 12*u**2 - u - 10*u**2 - 2*u - 3*u**2 + 181. Let d be j(10). What is the highest common divisor of 3 and d?
3
Let d be (-1176)/224*40/(-6). Calculate the highest common divisor of 45 and d.
5
Let d(i) = i**3 - 57*i**2 + 821*i - 46. Let y be d(30). What is the greatest common factor of y and 2343?
71
Let y be (0/3 + 3)/(7 - 6). Suppose -2*b + 5*t + 536 = -1063, -y*t = -15. What is the greatest common factor of b and 28?
28
Suppose 26 = 2*c + 2*o, 0 = c - 2*c + 5*o - 5. Let t = 68 - 33. Calculate the greatest common divisor of c and t.
5
Let l be (-1055)/30*(6 - 12). Suppose -127 = -13*d + l. Calculate the greatest common divisor of 65 and d.
13
Let a = 40341 + -40326. What is the greatest common factor of a and 15825?
15
Suppose -2*a + 1635 = -807. Let l be ((-180)/108 - -2)*99. Calculate the greatest common divisor of l and a.
33
Suppose 14*x = -31*x + 56700. Suppose -7*u = -u - x. Calculate the highest common divisor of 280 and u.
70
Suppose -5*m = 25, 7*h - 12*h + 3*m + 770 = 0. Calculate the greatest common factor of h and 151.
151
Let c = -44 - -89. Let x be (-54839)/(-261) - 1/9. Calculate the greatest common divisor of x and c.
15
Let m(s) = 5*s + 1056. Let l be m(13). What is the greatest common divisor of l and 472?
59
Let g = -336 + 333. Let f(p) = -26*p - 58. Let c be f(g). What is the greatest common divisor of c and 20?
20
Suppose 3*x - 19080 = 301*g - 296*g, -5*g + 19140 = 3*x. Calculate the highest common divisor of x and 52.
26
Suppose -5*j + 0*u - 2*u + 148 = 0, 2*u = -2. Let p = j - 26. Suppose 0 = -p*o + 70 + 22. What is the greatest common factor of 253 and o?
23
Suppose -3*m - 3*m + 78 = 0. Suppose -2680 = 5*i - 475. Let s = -311 - i. What is the greatest common divisor of m and s?
13
Let s(v) = 7*v**2 + 17*v + 24. Let j(x) = -x**3 + 6*x**2 + 5*x + 7. Let g be j(7). Let z be s(g). Calculate the highest common divisor of z and 8.
8
Suppose -9*n = 12*n + 41*n - 65286. Calculate the greatest common factor of 13 and n.
13
Let s(k) = 30*k - 98. Let f be s(7). Let p be 1744/f + 16/(-28). Let a = -4 + 16. Calculate the highest common divisor of a and p.
3
Suppose 155 = c - 300. What is the greatest common divisor of 715 and c?
65
Suppose -850 = -2*w - 4*y, 887*y + 1742 = 4*w + 889*y. Calculate the greatest common divisor of 2 and w.
1
Let k(h) = 134*h - 1062. Let f be k(8). Suppose 2*a = -10, -3*t - a - 8 = -3. Suppose t = 6*r + 18 - 78. Calculate the highest common divisor of f and r.
10
Let v be -906*((-76)/24 + 3) + 12/4. Suppose -50 = -2*p - 6. What is the greatest common divisor of p and v?
22
Let d(q) = -q**2 - 105*q + 1541. Let i be d(13). Let h be 1/(-2)*(-1 - -1). Suppose h = 10*l - i*l - 126. Calculate the greatest common factor of l and 28.
14
Suppose 82*m + 3628 - 89728 = 0. What is the highest common factor of m and 6405?
105
Let t be 60/(-18)*-6*(-15)/10. Let x be 4*1/10 + (-858)/t. What is the greatest common divisor of x and 261?
29
Let b = -203 + 205. Let c = -315 + 353. Calculate the greatest common divisor of c and b.
2
Suppose -762 + 88 = -10*r + 26. What is the greatest common factor of 3458 and r?
14
Suppose -p = 5*w - 4*p - 4, 0 = w + 3*p - 8. Let f be w/(-4)*(-712)/4. Let i = f + -65. Calculate the greatest common factor of 192 and i.
24
Suppose 10*r - 1598 + 88 = 0. Calculate the highest common factor of 755 and r.
151
Suppose -53*a + 1319 - 521 = -792. Calculate the greatest common divisor of a and 690.
30
Suppose 29*s + 190*s = 4818. What is the greatest common divisor of 11264 and s?
22
Suppose 4*r - 356 - 304 = 0. Suppose 6*b - r = 3*b. Let f be (-51)/(-3) - (36/6 + 0). What is the greatest common divisor of f and b?
11
Let h = -5720 + 7065. Calculate the greatest common divisor of 20 and h.
5
Suppose -5*c - 5 = 0, 4*c = p - 0*c + 142. Let t = -138 - p. What is the greatest common factor of 8 and t?
8
Let w(b) = -b**3 + 2*b**2 + 8*b + 3. Let o be w(4). Suppose -11*t - 8 = -o*t. Let u be 2 - t/((7 - 3)/12). Calculate the greatest common fa